isor of 9 and u?
9
Let q be (10*-3)/(2/(-2) - 0). Calculate the greatest common divisor of 20 and q.
10
Let j = 128 - 86. Suppose 0 = -r + 5*c + 24, 5*r = 3*c - 7*c + 62. Calculate the highest common factor of j and r.
14
Let y be -1 + 3 + 109*(1 - -1). Calculate the highest common factor of y and 20.
20
Suppose -4*i = -0*i - 32. Let d be 2/(-12)*-3*i. What is the highest common factor of d and 28?
4
Let u be (-4)/(-10) + (-78)/(-30). Let g be (-34)/(-2) + (u - 6). Suppose 0*w = -2*w + g. What is the highest common divisor of 1 and w?
1
Suppose 4*f = 2*f + 10. Suppose f*k + 52 = w, 5*w - 260 = -4*k + 6*k. Let m = 76 - w. Calculate the greatest common factor of 6 and m.
6
Let m be (-1 - 13)*(3 - 4). Calculate the greatest common factor of m and 2.
2
Suppose 2*c = 3*c - 4. Suppose 6*w = c*w + 18. Calculate the greatest common divisor of 81 and w.
9
Let l(w) = 3*w**2 + w + 5. Let x be l(4). Let m = x - 34. What is the highest common factor of 69 and m?
23
Suppose -3*w - 17 - 25 = 0. Let x = w - -21. Let k be -1 + 29 - (-1 - -1). Calculate the highest common divisor of k and x.
7
Suppose -3*a - 16 = -7*a. Suppose -c + 4 = c. Suppose h - 36 = -c*h. Calculate the greatest common divisor of a and h.
4
Let q(o) = o**2 - 1. Let l be q(3). Let v(d) = 0*d - 5*d**3 + 0*d - 4*d**3 - 1. Let k be v(-1). Calculate the greatest common divisor of k and l.
8
Suppose 2*i - 3 = i, 4*m + i = 383. Let l = 37 - 67. Let d = l + m. Calculate the greatest common factor of 26 and d.
13
Let k = -11 - -33. Let d = 49 + 6. What is the greatest common divisor of k and d?
11
Suppose -130 + 52 = -3*x. Calculate the greatest common factor of 208 and x.
26
Let k(j) = -3*j - 1. Let m be k(-1). Let q be (-6)/12 - (-65)/m. Let o = q - 20. Calculate the highest common factor of o and 12.
12
Suppose -24 = -2*h - 4. Suppose 42*q + 100 = 46*q. Calculate the greatest common divisor of h and q.
5
Let g(j) = 3*j**2 - 5 - 7*j + 0*j**2 + 2*j**2. Suppose -m - 30 = -6*m. Let q be g(m). Calculate the greatest common divisor of q and 19.
19
Let g be (-8)/(-3)*75/20. What is the greatest common divisor of g and 10?
10
Let j be (-265)/(-2) - 1/(3 - 1). Calculate the highest common divisor of 33 and j.
33
Let f(o) = o. Let z be f(-9). Let t(u) = -u**3 - 10*u**2 - 11*u - 10. Let n be t(z). What is the highest common divisor of 4 and n?
4
Suppose 5*r = 2*u + 3*u + 30, 0 = -3*r + 4*u + 14. Let m = 16 - r. What is the highest common factor of 54 and m?
6
Let b be (3 - (-42)/(-15)) + (-837)/(-15). Calculate the greatest common divisor of 14 and b.
14
Let z(g) = 13*g + 7. Let i be z(5). Suppose t - 2*t = -50. Suppose y - t = -5*r, y - 14 = 2*r - 3*r. What is the highest common factor of r and i?
9
Let o be 5/1*1 - -1. Let n(m) = -2*m**2 + 2*m. Let r be n(10). Let u be ((-8)/(-6))/((-5)/r). What is the highest common divisor of u and o?
6
Suppose -5*n - 1 - 4 = 0, 3*n - 17 = -4*v. Calculate the highest common factor of v and 55.
5
Let k(o) = -o**3 + 2*o**2 + o - 2. Let i be (-2 + 1)/(8/(-16)). Let l be k(i). Let v = 14 + l. What is the highest common divisor of v and 42?
14
Let r(t) = t + 16. Let x be r(-16). Suppose x = 4*a - 8*a + 28. Calculate the highest common factor of a and 49.
7
Let w be (-37)/(-3) - 1/3. Let a = -42 - -75. Let z = a + -15. What is the greatest common factor of z and w?
6
Let q(n) = n**2 - 3*n - 4. Let r(j) = -j**3 - 4*j**2 + 7*j + 4. Let k be r(-5). Let b be q(k). What is the greatest common divisor of 10 and b?
10
Let j be 54/90 - 144/(-10). Calculate the highest common divisor of 15 and j.
15
Let n(m) = -m**3 + 6*m**2 + 8*m - 5. Let g be n(7). Suppose g*f = 3 + 21. What is the highest common factor of 60 and f?
12
Let v(y) = -7*y - 6. Let i be v(-5). Calculate the highest common factor of 232 and i.
29
Let m(d) = 17*d**3 + d**2 - 1. Let x be m(1). Calculate the greatest common factor of x and 17.
17
Suppose 2*p + 17 = 3*p. What is the highest common factor of p and 51?
17
Let k be 0/1 + 8*7. Suppose r - 5 = o, -o = 5*r - 33 + 14. Suppose r*m - 26 = -3*f, 0 - 2 = f. Calculate the greatest common factor of m and k.
8
Let x be (0/(-1))/(-2 - -1). Let h be 56/1 + (4 - 4). Let u be h*(6/8 - x). Calculate the highest common divisor of u and 63.
21
Let h(w) = -2*w**2 - 13*w - 5. Let j be h(-4). Calculate the greatest common factor of 25 and j.
5
Suppose c - 21 = -9. Suppose -6*j + 267 = -3*j. Suppose j = b + 5. Calculate the highest common divisor of b and c.
12
Suppose -12 = 2*l - 6*l. Suppose 3*q = -l*s + 366, -s - 99 - 139 = -2*q. What is the greatest common divisor of 15 and q?
15
Let f = -261 - -366. What is the highest common divisor of f and 42?
21
Let i(b) = 3*b**2 - b + 10. Let m be i(6). Suppose -8*l = -0*l - m. What is the greatest common factor of l and 98?
14
Let n(f) = 2*f**3 + f**2 - 4*f - 3. Let b = 7 + -9. Let q be n(b). Let o be 340/14 + 2/q. What is the greatest common divisor of 12 and o?
12
Let f be 0 + 1 + (-3 - -4). Suppose -2*c + 24 = -f*k, 55 = c + 4*c - 4*k. Calculate the highest common divisor of 7 and c.
7
Let o be 9/6*4/3. Suppose 2*z + x - 158 = 0, -o*x + 6*x - 232 = -3*z. Suppose -22*v = -20*v - 32. Calculate the greatest common factor of v and z.
16
Let n = -23 + 28. Let u = 80 + -55. What is the highest common factor of n and u?
5
Suppose -4*b + 18 = 6. Suppose -6 = b*j, 0 = 2*m + 3*m + 2*j - 56. Calculate the greatest common factor of m and 48.
12
Let k be 195 + -1 + -1 - 3. What is the highest common factor of k and 38?
38
Let c = -10 - -64. What is the greatest common divisor of c and 594?
54
Let a = -121 - -158. What is the greatest common factor of 407 and a?
37
Suppose -4*c = c - 70. Let n(j) = 16*j + 3*j**3 - 4*j**3 + 2*j**3 - 15*j**2 - 16. Let p be n(c). What is the highest common divisor of p and 12?
12
Suppose t = 4*b + 36, 0*t - 2*t + 2*b = -48. What is the greatest common divisor of 220 and t?
20
Suppose -2*n = -4*n + 18. Calculate the highest common factor of 12 and n.
3
Let k(y) = -17*y**2 + 2*y - 1. Let c be k(1). Let r = c - -60. Calculate the highest common factor of r and 4.
4
Suppose 0 = -w + 3*q - 4, 0*w + w - 4*q + 8 = 0. Let p be 196/10 - w/(-20). Let i(h) = -72*h + 4. Let x be i(-3). What is the highest common factor of x and p?
20
Let a(p) = 31*p + 1. Let m be a(2). What is the highest common factor of 7 and m?
7
Suppose -5*n - 12 = -7*n. Let r be (104/n)/((-4)/(-6)). Calculate the highest common factor of 13 and r.
13
Let j be -4 - (4 + -5) - -5. What is the greatest common factor of 14 and j?
2
Let y(m) = -m**3 - 5*m**2 + 5*m + 3. Let s be y(-6). Suppose 0 = 3*z - 2*z + 6. Let f be -2*(9/z)/1. What is the highest common divisor of s and f?
3
Let c be -40*(4*(0 - 1) + -2). What is the greatest common factor of c and 15?
15
Let u be (-1)/(-2) - 18/(-12). Suppose -18 = -0*c - u*c. What is the greatest common factor of 18 and c?
9
Suppose 15 - 35 = -o. What is the greatest common factor of 140 and o?
20
Let s = 5 - -2. Let g be 3*(-6)/(-63)*s. Suppose j = 5 - g. What is the greatest common factor of 2 and j?
1
Let x be (0 + 1)/(1/5). Suppose -g + x = -10. What is the highest common factor of g and 165?
15
Let r = 0 - -3. Suppose 0*w - l - r = -2*w, 3*w + 5*l + 2 = 0. Let o = -685 - -692. What is the highest common divisor of o and w?
1
Suppose 0*d + 3*d = 6. Suppose q - 225 = -5*c, q - 83 = -d*c + 2*q. Suppose -1 = -n + 10. Calculate the highest common factor of c and n.
11
Suppose -2*b + 7*b - 95 = 0. Calculate the highest common divisor of b and 76.
19
Let z = -33 - -65. Calculate the highest common divisor of 192 and z.
32
Suppose -5*w = 3*m + 2*m, -w = -2*m. Suppose 4*b = -w*b + 3*n + 3, -4*n = 3*b - 21. What is the highest common factor of b and 3?
3
Let a = 28 - 11. Calculate the highest common factor of a and 68.
17
Let f be (14/8)/(2/8). Let s(u) be the first derivative of u**2 + 4*u - 3. Let c be s(f). Calculate the greatest common factor of 144 and c.
18
Suppose -c = -0*c - 4, c = -4*w + 20. Suppose -5*b + 10 = -5*z, 22 = 3*b + w*z + z. Let t be (-1 + 23)*2/b. Calculate the greatest common factor of 11 and t.
11
Let d = -4 - -6. Let v(h) = h**3 - 2*h**2 + 4*h - 3. Let y be v(2). Let j = y - d. What is the highest common factor of 6 and j?
3
Let d = 12 - 25. Let z = -9 - d. Let l(t) = -t**3 - 4*t**2 + 7*t + 2. Let r